ose 1900 + 2180 = p*s. List the prime factors of s.
2, 3, 17
Suppose 164624 = 3*i - 4*m, -19*m + 54873 = i - 20*m. What are the prime factors of i?
2, 11, 29, 43
Let z = 7611 - -7319. What are the prime factors of z?
2, 5, 1493
Let u be ((-2)/(-3))/((-18)/(-86508)). Suppose u = 45*p - 36*p. What are the prime factors of p?
2, 89
Let c(m) be the third derivative of 5*m**4/12 + 14*m**3 + 2*m**2 + 99*m. What are the prime factors of c(9)?
2, 3, 29
Let s be (-34)/(9/((-18)/4)*1). Suppose -s*w + 9210 = 1033. List the prime factors of w.
13, 37
Let l be 1/3 + 224/48. Suppose -5*c = 5*w + 18 - 2243, 4*c = l*w - 2225. What are the prime factors of w?
5, 89
Suppose 12*g = 11*g - p + 31302, 4*p = 4*g - 125200. List the prime factors of g.
113, 277
Suppose 2*l + 0 = 6. Let d(x) = -4*x - l*x**2 + 7*x + 8*x**2. List the prime factors of d(3).
2, 3
Suppose 8*a + 8*a - 1356498 = -17*a. List the prime factors of a.
2, 3, 13, 17, 31
Let z be (-9)/3 + (4 - -3) + 33. Suppose -3*s = -3*t + 147, z = 2*t + s - 58. List the prime factors of t - (3 - 6)/(-3).
47
Let n be 2/5*(-135)/(-54). Suppose -5*w - 3*s + 33 = 5, 4*s + n = w. Let a(h) = h**3 + 8*h**2 - 15*h + 4. List the prime factors of a(w).
2, 127
Suppose -f = -66 + 71, 5*i - 34245 = 3*f. List the prime factors of i.
2, 3, 7, 163
Let p = -11 + 11. Suppose p = k - 18 + 16. Suppose -2*g + 38 = 4*d, 0*d + 2*d - 34 = -k*g. What are the prime factors of g?
3, 5
Let h(i) = 7*i + 162. Suppose -5*j - 4*c = -51, -2*j + 0*c + 5*c + 27 = 0. What are the prime factors of h(j)?
239
Suppose 145*y - 602275 - 533220 = 0. What are the prime factors of y?
41, 191
Suppose 16*z + 878 = 17*z + 2*g, -4*z = -3*g - 3523. Suppose 10*c - 12*c = -z. List the prime factors of c.
2, 5, 11
Let d(a) = -37*a + 1625. What are the prime factors of d(-38)?
7, 433
Let j be (-175)/105 - (-44)/12. Let c be (1 + 1)/(-2) + 0. What are the prime factors of ((-243)/(-6) + c)*j?
79
Suppose 0 = -2*b + 5454 + 21758. What are the prime factors of b?
2, 6803
Suppose 6*o - 8 = 2*o. Suppose -w - 5*g = -g - 338, -701 = -o*w - 3*g. Suppose 0 = -x - 2, -5*x - w = -2*q - 2*q. List the prime factors of q.
3, 29
Suppose -2*l - 20642 = -2*y, -5*l = 4*y - 15794 - 25445. What are the prime factors of y?
2, 2579
Let q(p) = 4203*p**3 - p - 4. Let h be q(2). List the prime factors of 8/32 + h/24.
3, 467
Suppose -4*p - p + 10 = 5*m, p + 4*m = 2. Suppose 7*q - p*q + 1510 = -5*z, 2*z + 620 = 2*q. Let a = -176 - z. What are the prime factors of a?
2, 5, 13
Suppose -13*y = -5687 + 695. Let s = 805 - y. List the prime factors of s.
421
Let f(s) = 17*s**2 - 7 - 9*s**2 + 7*s - 9 + 0*s. List the prime factors of f(7).
5, 17
Let u = 1143 - 215. Suppose -9*o = -5*o - u. List the prime factors of o.
2, 29
Let l(b) be the second derivative of -b**5/20 - 7*b**4/12 - 2*b**3 - b**2/2 + 430*b. Let f be (-2*1)/(2/6). List the prime factors of l(f).
5, 7
Let a(n) = -n**3 - 38*n**2 - 32*n - 78. Let d be a(-39). Let h = -1913 + d. List the prime factors of h.
2, 389
Let i = 332 - 332. Suppose 35*m - 38499 + 3464 = i. List the prime factors of m.
7, 11, 13
Let x(d) = -d**3 - 33*d**2 - 6*d + 66. Let p be x(-33). Suppose 0 = 257*n - p*n + 5670. What are the prime factors of n?
2, 3, 5
Let h = -37359 + 73436. List the prime factors of h.
43, 839
Let h(g) = 172*g**2 + 109*g - 99. What are the prime factors of h(10)?
18191
Let x be -24*(-10)/(-400)*(16 - 1). Let h = 41 - 81. Let k = x - h. List the prime factors of k.
31
Let r(j) = -j**3 + 11*j**2 + 2*j + 15. Suppose 0*b + 4*b = 0. Suppose -n = -i - 2 - 8, 3*n + i - 26 = b. List the prime factors of r(n).
3, 5, 13
Let w(n) = 196*n**2 + 6*n + 18. List the prime factors of w(9).
2, 3, 443
What are the prime factors of (854 + -10 - 6)*14?
2, 7, 419
Let j = 10751 + -6100. What are the prime factors of j?
4651
Let p = 24733 - 14734. List the prime factors of p.
3, 11, 101
Let x(q) = -22*q**2 - 15*q + 14. Let a(p) = 11*p**2 + 7*p - 6. Let s(l) = 5*a(l) + 2*x(l). List the prime factors of s(-6).
2, 7, 13
Let p(d) = d**3 - 6*d**2 - 7*d - 1. Suppose -2*t = -2*k - 24, -5*k - 54 + 18 = -2*t. Let o be p(t). Let f = o + 7. What are the prime factors of f?
2, 3, 13
Let r = -2 + 4. Suppose -6*a = -3*b - 3*a - 27, -4*a = r*b. What are the prime factors of -2 - -182 - 3/b*-8?
2, 11
Let p be -3 + 14 + -3 + 2. List the prime factors of (8/p)/((-10)/(-1975)).
2, 79
Let m(f) = -7*f**2 - 20*f - 3. Let h(o) = 26*o**2 + 82*o + 12. Let q(d) = -2*h(d) - 9*m(d). What are the prime factors of q(3)?
2, 3, 5
Let r = -35985 + 75972. List the prime factors of r.
3, 1481
Suppose -2*s + 0*s = 0, 3*i - 3*s + 49756 = 144643. List the prime factors of i.
3, 13, 811
Let p = 6603 + -3363. What are the prime factors of p?
2, 3, 5
Suppose -60*d = 465390 - 1334610. List the prime factors of d.
3, 11, 439
Let k = -294 - -297. List the prime factors of 2/k + (-1651)/(-3).
19, 29
Let n be -36*3*4/(-8). Let y = 56 - n. What are the prime factors of y + (-2)/2 + 188?
3, 7
Suppose 41 = 2*b + 13. Suppose b*u - 1925 = 7*u. Let r = u + -100. List the prime factors of r.
5, 7
Let n(i) = -12*i**2 + i + 5. Let u be (-2)/6*-3 - (2 - -2). Let o be n(u). Let h = o - -323. List the prime factors of h.
7, 31
Let i be -1 - -5 - 0/(-2). Suppose -205 = -i*u + 143. Let d = u - -44. What are the prime factors of d?
131
Let u = -85 - -88. Suppose u*x + 4*v - 12 = -401, 5*x + 659 = 4*v. Let f = x - -247. List the prime factors of f.
2, 29
Let g be (23 - 21 - (-10)/(-4))*2. Let b be (1 - -355) + 3 + -3. What are the prime factors of ((-2 - g)/((-4)/b))/1?
89
Let j be (12 - 2)*(-120)/(-50). Suppose 3228 = -j*h + 27*h. What are the prime factors of h?
2, 269
Suppose 0 = 2*s - 3*t - 12209, -12188 = -179*s + 177*s - 4*t. List the prime factors of s.
2, 5, 61
Suppose 6*x + 105 = 21*x. Suppose 8*b - x + 7 = 0. Suppose -6*w + 9 = 2*j - 5*w, 5*j + 3*w - 21 = b. List the prime factors of j.
2, 3
Suppose 14*j - 84 = -0*j. What are the prime factors of 4662/12 - j/4?
3, 43
Suppose 4*n = -4*x + 226764, -21*n + 17*n = -5*x - 226755. What are the prime factors of n?
2, 5, 5669
Let j(r) = 13*r - 46. Suppose 3 = -3*x - 3*u + 8*u, -2*u + 10 = x. Let t be (-759)/(-44) - 1/x. List the prime factors of j(t).
5, 7
Let k = 15462 + -3156. What are the prime factors of k?
2, 3, 7, 293
Let i = 20359 - 8975. List the prime factors of i.
2, 1423
Let v be 204288/(-126) + (-10)/6. Let c = 3299 + v. What are the prime factors of c?
2, 419
What are the prime factors of 3526017/66 - (20/50 + (-2)/(-20))?
2, 3, 7, 53
Suppose -126 = -12*k - 2*k. Suppose -k*g + 4*v + 800 = -5*g, -4*g = -3*v - 804. What are the prime factors of g?
2, 3, 17
Let h = -3810 + 11182. What are the prime factors of h?
2, 19, 97
Let i be 0 + (4/1 - -39). Suppose 4*q - 16 = 0, 2*q = -5*r + 3*q + 156. Let v = i - r. List the prime factors of v.
11
Let a(b) = -b**2 - 6*b + 3. Let f be a(-6). Suppose 3*p - 72 - 9 = 0. Suppose -2*i + f*t = -98, p = -4*i + 5*i + 4*t. List the prime factors of i.
43
Let m(d) = -17*d + 64. Let v be m(24). Let w = 1373 + v. What are the prime factors of w?
3, 7
Let s(n) = -6*n**3 - 9*n**2 - 4*n - 4. Let m be s(-2). Suppose -7*l = -m*l + 7821. List the prime factors of l.
11, 79
Let u(f) = -f**3 + 13*f**2 - 14*f + 11. Let l(s) = -s**3 + 7*s**2 - 7*s + 5. Let h(g) = -7*l(g) + 4*u(g). List the prime factors of h(4).
13, 17
Let d = -158 - -157. What are the prime factors of 1*(263 + 4/d)?
7, 37
Let m be 1/(-7 - 350/(-49)). Suppose -5*a + 4*x = -2786, 5*a - m*x = -2*x + 2785. List the prime factors of a.
2, 3, 31
Let v be (-1)/(6/(-18242)) + 48/72. Suppose -1376 = -7*z + v. List the prime factors of z.
631
Suppose 28*q = -21*q + 7*q + 83076. What are the prime factors of q?
2, 23, 43
Let w(v) = -16*v - 141. Let a be w(-9). Suppose a*s + 15 = 5*u, 12 = 4*u - 12*s + 8*s. What are the prime factors of u?
3
Suppose 5*k - 3 + 8 = 0, -2*k - 1290 = -4*z. Suppose -z = -8*r + 6. List the prime factors of r.
41
Let z = 22593 - 9674. List the prime factors of z.
12919
Let u(n) = n**3 - 22*n**2 - 137*n + 95. List the prime factors of u(33).
7, 13, 83
Suppose t - 54 = 10*t. Let v be t/9 - (-34)/6. Suppose 284 - 74 = v*b. List the prime factors of b.
2, 3, 7
What are the prime factors of (48/(-4))/(-4) - (3 + -8543)?
8543
Let w = -11 + 22. Suppose -14*h = -w*h 